{"id":372,"date":"2024-05-14T10:57:23","date_gmt":"2024-05-14T08:57:23","guid":{"rendered":"https:\/\/test.kunstgeschichte.tuwien.ac.at\/tukunst_personen\/theresa-knosp\/"},"modified":"2025-02-18T16:51:35","modified_gmt":"2025-02-18T15:51:35","slug":"theresa-knosp","status":"publish","type":"tukunst_personen","link":"https:\/\/kunstgeschichte.tuwien.ac.at\/en\/tukunst_personen\/theresa-knosp\/","title":{"rendered":"Theresa Knosp"},"content":{"rendered":"","protected":false},"featured_media":0,"template":"","teamkategorie":[3],"class_list":["post-372","tukunst_personen","type-tukunst_personen","status-publish","hentry","teamkategorie-wissenschaftliche-mitarbeiter-innen"],"acf":{"vorname":"Theresa","nachname":"Knosp","akad_grade_vorangestellt":"Univ.Ass.in Dipl.Ing.in Mag.a phil.","akad_grade_nachgestellt":"","funktion":"","email":"theresa.knosp@tuwien.ac.at","telefon":"+43 (1) 58801 25798","sprechstunde":"Sprechstunde nach Vereinbarung","kurzbio":"(sie\/ihr)\r\n\r\nTheresa Knosp hat Kunstgeschichte und Architektur studiert und arbeitet seit 2015 am Institut f\u00fcr Kunstgeschichte, Bauforschung und Denkmalpflege der TU Wien. Zwischen 2020 und 2024 war sie Teil der Projektleitung des Forschungsprojekts AFN\u00d6 (Architekturf\u00fchrer Nieder\u00f6sterreich), dessen Ergebnisse in der Publikation Architektur in Nieder\u00f6sterreich im 20. Jahrhundert nach Friedrich Achleitner (Birkh\u00e4user 2024) erschienen. Ihre Arbeitsschwerpunkte umfassen Dokumentations- und Vermittlungsstrategien von Architektur, Genderfragen in der Architektur sowie Grafikdesign und Layout f\u00fcr Publikationen, Tagungen und Ausstellungen.\r\n\r\n(she\/her)\r\n\r\nTheresa Knosp studied art history and architecture and has been working at the Institute for Art History, Building Research and Monument Conservation at TU Wien since 2015. Between 2020 and 2024, she was part of the project management of the research project AFN\u00d6 (Architekturf\u00fchrer Nieder\u00f6sterreich), the results of which have been published as Architektur in Nieder\u00f6sterreich im 20. Jahrhundert nach Friedrich Achleitner (Birkh\u00e4user 2024). Her work focuses on documentation and communication strategies for architecture, gender issues in architecture as well as graphic design and layout for publications, conferences and exhibitions.\r\n\r\n&nbsp;","weitere-infos":[{"acf_fc_layout":"abschnitt","uberschrift":"Lebenslauf \/ Curriculum Vitae","block":[{"acf_fc_layout":"tabelle","tabelle":[{"datum":"seit 2023","text":" Univ.Ass.in am Forschungsbereich f\u00fcr Kunstgeschichte"},{"datum":"2020\u20132024","text":"Co-Projektleitung im Forschungsprojekt AFN\u00d6 (Architekturf\u00fchrer Nieder\u00f6sterreich), TU Wien, Forschungsbereich Baugeschichte und Bauforschung"},{"datum":"2020","text":"Studienabschluss Architektur an der TU Wien mit einer Arbeit zu Roland Rainers Wiener Stadthalle"},{"datum":"2018\u20132019","text":"Anstellung am Architekturzentrum Wien, Inventarisation des Nachlasses von Roland Rainer"},{"datum":"2015\u20132020","text":"Tutorin am Forschungsbereich Kunstgeschichte, TU Wien"},{"datum":"2012","text":"Studienabschluss Kunstgeschichte an der Universit\u00e4t Wien "},{"datum":"","text":""},{"datum":"","text":""},{"datum":"","text":""}]}]},{"acf_fc_layout":"abschnitt","uberschrift":" Forschungsschwerpunkte \/ Key research areas","block":[{"acf_fc_layout":"text","text":"Dokumentations- und Vermittlungsstrategien der Architektur\r\nArchitektur des 20. Jahrhunderts in \u00d6sterreich\r\n(Kommunale) Veranstaltungsbauten der Nachkriegszeit\r\nGenderfragen in der Architektur und Kunst(Geschichte)"}]},{"acf_fc_layout":"abschnitt","uberschrift":"Publikationen \/ Publications","block":[{"acf_fc_layout":"text","text":"<strong>Herausgeberschaften<\/strong>\r\n\r\nGrandits, Doris\/J\u00e4ger-Klein, Caroline\/Knosp, Theresa\/Architekturzentrum Wien (Hg.):<em> Architektur in Nieder\u00f6sterreich im 20. Jahrhundert nach Friedrich Achleitner, Wien 2024<\/em>: Birkh\u00e4user.\r\n\r\nAllahverdy, Atreju\/Brettl, Anna\/ Knosp, Theres\/Moser, Thomas\/ Plakolm-Forsthuber, Sabine (Hg.): <em>Wiener Moderne international. Export und Experiment in der Architektur der Jahrhundertwende<\/em>, Wien 2024: IVA-ICRA \/ arthistoricum.net.\r\n\r\nKnosp, Theresa\/Moser, Thomas Moser (Hg.): Building HERstory. <em>Frauenbilder in Kunst und Architektur<\/em>, Wien 2024: arthistoricum.net.\r\n\r\n&nbsp;\r\n\r\n<strong>Aufs\u00e4tze<\/strong>\r\n\r\nEdith Emery, in: Moser, Thomas\/Plakolm-Forsthuber, Sabine\/St\u00fchlinger, Harald (Hg.): <em>OFF! Decentering Feminist Architectural History<\/em>, voraussichtlich 2025.\r\n\r\n<em>Ein Beitrag zur Inventarisation der Architektur des 20. Jahrhunderts in Nieder\u00f6sterreich<\/em>, in: Grandits, Doris\/J\u00e4ger-Klein, Caroline\/Knosp, Theresa\/Architekturzentrum Wien: Architektur in Nieder\u00f6sterreich im 20. Jahrhundert nach Friedrich Achleitner, Wien 2024: Birkh\u00e4user, S. 70\u201391, gemeinsam mit Doris Grandits.\r\n\r\n<em>(G)raue Zeitgenossen. Brutalistische Infrastrukturbauten in Nieder\u00f6sterreich<\/em>, in: Kirchengast, Albert\/Gallis, Johann (Hg.): Brutalismus in \u00d6sterreich 1960\u20131980. Eine Architekturtopografie der Sp\u00e4tmoderne in 9 Perspektiven, Wien 2022: B\u00f6hlau-Verlag, S. 188\u2013209, gemeinsam mit Doris Grandits.\r\n\r\n<em>Bau(t)en f\u00fcr das Miteinander. Architektur f\u00fcr die Gemeinschaft im Nieder\u00f6sterreich der 1920er Jahre<\/em>, in: Denkmalpflege in N\u00d6, Band 66\/2022, 100 Jahre Nieder\u00f6sterreich, S. 18\u201321, gemeinsam mit Doris Grandits.\r\n\r\n<strong>Sonstiges<\/strong>\r\n\r\n<em>Carlo Scarpa \u2013 Architek<\/em>t, in: Allgemeines K\u00fcnstlerlexikon (AKL), M\u00fcnchen 2018,\r\nCI, 306, gemeinsam mit Markus Gesierich.\r\n\r\n<em>FileMaker Architektur in Nieder\u00f6sterreich im 20. Jahrhundert, Projektdatenbank mit Eintr\u00e4gen zu 5.100 Objekten, 30.000 Bilddatens\u00e4tze<\/em>; wird als Teil der Sammlungsdatenbank des Az W ver\u00f6ffentlicht; programmiert von Elmar Bertsch.\r\n\r\n<em>Eine Reise zu den Welterbest\u00e4tten \u00d6sterreichs, Kinderbuch und Memory Spiel,<\/em>\r\nentstanden im Auftrag und Eigenverlag von ICOMOS Austria 2021\/2022, gemeinsam mit Doris Grandits; 2023 zudem in spanischer, italienischer und englischer Sprache erschienen.\r\n\r\n<em>Projekthomepage afnoe.at, Entwicklung und Grafik des Webauftritts zum Forschungsprojekt AFN\u00d6 (Architekturf\u00fchrer Nieder\u00f6sterreich)<\/em>, gemeinsam mit Doris Grandits, programmiert von Didier Letouz\u00e9.\r\n\r\n&nbsp;\r\n\r\n&nbsp;"}]},{"acf_fc_layout":"abschnitt","uberschrift":"Projekte \/ Projects","block":[{"acf_fc_layout":"text","text":"2024\u20132025 Forschungsprojekt Stummes Erbe.<em> Queerfeministische Bestandspflege tabuisierter Orte<\/em>, gemeinsam mit Julia Nuler, Sophie Stackmann und Thomas Moser, gef\u00f6rdert durch das EXCITE-Programm der Fakult\u00e4t f\u00fcr Architektur und Raumplanung der TU Wien.\r\n\r\n2019\u20132024<em> Forschungsprojekt AFN\u00d6<\/em> (Architekturf\u00fchrer Nieder\u00f6sterreich) TU Wien, Forschungsbereich Baugeschichte und Bauforschung, Kooperationsprojekt TU Wien, Architekturzentrum Wien, Forum Morgen Privatstiftung.\r\n\r\n<strong>Symposien und Konferenzen \/ Symposiums and conferences<\/strong>\r\n\r\n<em>Architektur in Nieder\u00f6sterreich im 20. Jahrhundert nach Friedrich Achleitner<\/em>, 15. Mai 2024, Projektvorstellung und Buchpr\u00e4sentation, Az W, Podium, gemeinsam mit Doris Grandits.\r\n\r\n<em>Fachgespr\u00e4ch Inventarisation der Nachkriegsmoderne<\/em>, Bundesdenkmalamt, 15. M\u00e4rz 2023, Vortrag, Architektur Haus K\u00e4rnten, gemeinsam mit Doris Grandits.\r\n\r\n<em>Ein Jahrhundert Baugeschichte<\/em>, 7. Oktober 2022, Beitrag auf der Tagung 100 Jahre Kulturerbe Nieder\u00f6sterreich, 72. Historikertagung (sic), Universit\u00e4t f\u00fcr Weiterbildung Krems\/Department f\u00fcr Kunst- und Kulturwissenschaften\/Institut f\u00fcr \u00d6sterreichkunde, Wien Campus Krems, gemeinsam mit Doris Grandits."}]}]},"_links":{"self":[{"href":"https:\/\/kunstgeschichte.tuwien.ac.at\/en\/wp-json\/wp\/v2\/personen\/372","targetHints":{"allow":["GET"]}}],"collection":[{"href":"https:\/\/kunstgeschichte.tuwien.ac.at\/en\/wp-json\/wp\/v2\/personen"}],"about":[{"href":"https:\/\/kunstgeschichte.tuwien.ac.at\/en\/wp-json\/wp\/v2\/types\/tukunst_personen"}],"wp:attachment":[{"href":"https:\/\/kunstgeschichte.tuwien.ac.at\/en\/wp-json\/wp\/v2\/media?parent=372"}],"wp:term":[{"taxonomy":"teamkategorie","embeddable":true,"href":"https:\/\/kunstgeschichte.tuwien.ac.at\/en\/wp-json\/wp\/v2\/teamkategorie?post=372"}],"curies":[{"name":"wp","href":"https:\/\/api.w.org\/{rel}","templated":true}]}}

(sie/ihr)

Theresa Knosp hat Kunstgeschichte und Architektur studiert und arbeitet seit 2015 am Institut für Kunstgeschichte, Bauforschung und Denkmalpflege der TU Wien. Zwischen 2020 und 2024 war sie Teil der Projektleitung des Forschungsprojekts AFNÖ (Architekturführer Niederösterreich), dessen Ergebnisse in der Publikation Architektur in Niederösterreich im 20. Jahrhundert nach Friedrich Achleitner (Birkhäuser 2024) erschienen. Ihre Arbeitsschwerpunkte umfassen Dokumentations- und Vermittlungsstrategien von Architektur, Genderfragen in der Architektur sowie Grafikdesign und Layout für Publikationen, Tagungen und Ausstellungen.

(she/her)

Theresa Knosp studied art history and architecture and has been working at the Institute for Art History, Building Research and Monument Conservation at TU Wien since 2015. Between 2020 and 2024, she was part of the project management of the research project AFNÖ (Architekturführer Niederösterreich), the results of which have been published as Architektur in Niederösterreich im 20. Jahrhundert nach Friedrich Achleitner (Birkhäuser 2024). Her work focuses on documentation and communication strategies for architecture, gender issues in architecture as well as graphic design and layout for publications, conferences and exhibitions.

&nbsp;

Univ.Ass.in am Forschungsbereich für Kunstgeschichte

Co-Projektleitung im Forschungsprojekt AFNÖ (Architekturführer Niederösterreich), TU Wien, Forschungsbereich Baugeschichte und Bauforschung

Studienabschluss Kunstgeschichte an der Universität Wien

Dokumentations- und Vermittlungsstrategien der Architektur
Architektur des 20. Jahrhunderts in Österreich
(Kommunale) Veranstaltungsbauten der Nachkriegszeit
Genderfragen in der Architektur und Kunst(Geschichte)

<strong>Herausgeberschaften</strong>

Grandits, Doris/Jäger-Klein, Caroline/Knosp, Theresa/Architekturzentrum Wien (Hg.):<em> Architektur in Niederösterreich im 20. Jahrhundert nach Friedrich Achleitner, Wien 2024</em>: Birkhäuser.

Allahverdy, Atreju/Brettl, Anna/ Knosp, Theres/Moser, Thomas/ Plakolm-Forsthuber, Sabine (Hg.): <em>Wiener Moderne international. Export und Experiment in der Architektur der Jahrhundertwende</em>, Wien 2024: IVA-ICRA / arthistoricum.net.

Knosp, Theresa/Moser, Thomas Moser (Hg.): Building HERstory. <em>Frauenbilder in Kunst und Architektur</em>, Wien 2024: arthistoricum.net.

&nbsp;

<strong>Aufsätze</strong>

Edith Emery, in: Moser, Thomas/Plakolm-Forsthuber, Sabine/Stühlinger, Harald (Hg.): <em>OFF! Decentering Feminist Architectural History</em>, voraussichtlich 2025.

<em>Ein Beitrag zur Inventarisation der Architektur des 20. Jahrhunderts in Niederösterreich</em>, in: Grandits, Doris/Jäger-Klein, Caroline/Knosp, Theresa/Architekturzentrum Wien: Architektur in Niederösterreich im 20. Jahrhundert nach Friedrich Achleitner, Wien 2024: Birkhäuser, S. 70–91, gemeinsam mit Doris Grandits.

<em>(G)raue Zeitgenossen. Brutalistische Infrastrukturbauten in Niederösterreich</em>, in: Kirchengast, Albert/Gallis, Johann (Hg.): Brutalismus in Österreich 1960–1980. Eine Architekturtopografie der Spätmoderne in 9 Perspektiven, Wien 2022: Böhlau-Verlag, S. 188–209, gemeinsam mit Doris Grandits.

<em>Bau(t)en für das Miteinander. Architektur für die Gemeinschaft im Niederösterreich der 1920er Jahre</em>, in: Denkmalpflege in NÖ, Band 66/2022, 100 Jahre Niederösterreich, S. 18–21, gemeinsam mit Doris Grandits.

<strong>Sonstiges</strong>

<em>Carlo Scarpa – Architek</em>t, in: Allgemeines Künstlerlexikon (AKL), München 2018,
CI, 306, gemeinsam mit Markus Gesierich.

<em>FileMaker Architektur in Niederösterreich im 20. Jahrhundert, Projektdatenbank mit Einträgen zu 5.100 Objekten, 30.000 Bilddatensätze</em>; wird als Teil der Sammlungsdatenbank des Az W veröffentlicht; programmiert von Elmar Bertsch.

<em>Eine Reise zu den Welterbestätten Österreichs, Kinderbuch und Memory Spiel,</em>
entstanden im Auftrag und Eigenverlag von ICOMOS Austria 2021/2022, gemeinsam mit Doris Grandits; 2023 zudem in spanischer, italienischer und englischer Sprache erschienen.

<em>Projekthomepage afnoe.at, Entwicklung und Grafik des Webauftritts zum Forschungsprojekt AFNÖ (Architekturführer Niederösterreich)</em>, gemeinsam mit Doris Grandits, programmiert von Didier Letouzé.

&nbsp;

&nbsp;

2024–2025 Forschungsprojekt Stummes Erbe.<em> Queerfeministische Bestandspflege tabuisierter Orte</em>, gemeinsam mit Julia Nuler, Sophie Stackmann und Thomas Moser, gefördert durch das EXCITE-Programm der Fakultät für Architektur und Raumplanung der TU Wien.

2019–2024<em> Forschungsprojekt AFNÖ</em> (Architekturführer Niederösterreich) TU Wien, Forschungsbereich Baugeschichte und Bauforschung, Kooperationsprojekt TU Wien, Architekturzentrum Wien, Forum Morgen Privatstiftung.

<strong>Symposien und Konferenzen / Symposiums and conferences</strong>

<em>Architektur in Niederösterreich im 20. Jahrhundert nach Friedrich Achleitner</em>, 15. Mai 2024, Projektvorstellung und Buchpräsentation, Az W, Podium, gemeinsam mit Doris Grandits.

<em>Fachgespräch Inventarisation der Nachkriegsmoderne</em>, Bundesdenkmalamt, 15. März 2023, Vortrag, Architektur Haus Kärnten, gemeinsam mit Doris Grandits.

<em>Ein Jahrhundert Baugeschichte</em>, 7. Oktober 2022, Beitrag auf der Tagung 100 Jahre Kulturerbe Niederösterreich, 72. Historikertagung (sic), Universität für Weiterbildung Krems/Department für Kunst- und Kulturwissenschaften/Institut für Österreichkunde, Wien Campus Krems, gemeinsam mit Doris Grandits.
